/20 - q**4/6 + q**3/3 - 2*q. Let o = -3 - 0. Calculate the remainder when v(o) is divided by 3.
0
Suppose 3*y - 36 = 54. Let s = 53 - y. Let j(w) = -2*w**3 - w**2 + 2*w. Calculate the remainder when s is divided by j(-2).
7
Suppose 5*p - 64 = -3*p. Calculate the remainder when 45 is divided by p.
5
Let y(s) = s - 15. Let x be y(16). Suppose -6*n + 2*n - 3*u + 22 = 0, 0 = n + 4*u + x. Calculate the remainder when 12 is divided by n.
5
Let l be 6 - 2 - 1/(-1). Suppose l*w + 0*w = 325. What is the remainder when w is divided by 17?
14
Let n(v) = 2*v**2 - 2*v + 7. Let g = 16 - 11. Suppose u - 2*l - 74 = -3*u, 57 = 2*u - 5*l. Calculate the remainder when n(g) is divided by u.
15
Let n(c) = 15*c**3 + 2*c**2 - 1. What is the remainder when 44 is divided by n(1)?
12
Let w = 28 - 19. Let d = -12 - -38. What is the remainder when d is divided by w?
8
Let b = 52 + -47. What is the remainder when b is divided by 4?
1
Let r be (-6)/(-10) + 6234/10. Calculate the remainder when 15/35 - r/(-14) is divided by 12.
9
Suppose y + 2 - 15 = 0. Suppose p - 3*g - 11 = 0, 6*g = 5*p + 3*g - 67. Suppose p = -0*i + 2*i. What is the remainder when y is divided by i?
6
Suppose 3*a - a + 2 = 0. Let z be (a*5)/(3/(-36)). Suppose -h = h - q - z, -84 = -3*h + 3*q. What is the remainder when h is divided by 11?
10
Let u = 62 - 39. Calculate the remainder when 44 is divided by u.
21
Let d = 20 + -7. Let i = -5 - -9. Calculate the remainder when d is divided by i.
1
Suppose 123 = n + 2*f + 3*f, -357 = -3*n - 3*f. What is the remainder when n is divided by 40?
38
Suppose 5*h + q - 2*q - 30 = 0, -q = 0. What is the remainder when (9 - 2) + (-24)/8 is divided by (4/h)/(4/18)?
1
Let n be -1 + 2 - (0 - -3). Let o(j) be the third derivative of j**5/60 + j**4/24 - j**3/6 - 6*j**2. Calculate the remainder when 1 is divided by o(n).
0
Let c be 4/16 + (-66)/8. What is the remainder when 2/(-1)*c/4 is divided by 3?
1
Suppose -17 - 20 = -q. Let b = -20 + q. Calculate the remainder when b is divided by 10.
7
Let a(t) be the third derivative of -5*t**4/24 - t**3/2 - t**2. Suppose -5*l - 34 = 3*s - 4*s, -9 = -3*l. Calculate the remainder when s is divided by a(-4).
15
Let r(s) = s**3 + 12*s**2 - 13*s + 25. Calculate the remainder when 33 is divided by r(-13).
8
Let l(p) = p**2 - 9*p + 39. What is the remainder when 82 is divided by l(6)?
19
Let w be (-6 - 8/(-2))/(-1). Suppose -4*b = -w*b - 38. Calculate the remainder when 74 is divided by b.
17
Let g(s) = -s**3 + 5*s**2 + 3*s - 1. What is the remainder when g(3) is divided by ((-21)/12)/(3/(-24))?
12
Suppose 3*f - 8 = f. Let h = -67 - -71. Calculate the remainder when h is divided by f.
0
Suppose -2*u + 132 - 12 = 0. What is the remainder when u is divided by 31?
29
Suppose 2*o - 33 = 4*u - 7*u, 4*u + 12 = 2*o. What is the remainder when 95 is divided by o?
11
Suppose -n = -z + 11, -42 = -3*z + 2*n - 9. Calculate the remainder when 42 is divided by z.
9
Let t be (0 + 0)/(5/(-5)). Suppose t = -u - 0 + 9. Calculate the remainder when 35 is divided by u.
8
Let c = -7 + 13. Let d = 7 + c. Calculate the remainder when d is divided by 5.
3
Suppose -q = -2*q. Let d = q + 13. What is the remainder when d is divided by 2/4 - 18/(-4)?
3
Let v(j) = 6*j**2 - 2*j + 1. Suppose -15*u = -10*u - 40. Calculate the remainder when u is divided by v(1).
3
Suppose -m = -2*i - 16, 6*i - 2*i = -12. What is the remainder when 28 is divided by m?
8
Let i(f) = -f**3 + 5*f**2 - 4*f + 6. Let a be i(4). Suppose -112 = -a*s + 2*s. What is the remainder when 54 is divided by s?
26
Let c(s) = -20*s - 6. Let v be c(2). Let h = 64 + v. Calculate the remainder when 52 is divided by h.
16
Let v(r) = r**2 + 7*r + 6. Let d be v(-6). Suppose -2*m + 14 + 12 = d. What is the remainder when m is divided by 4?
1
Suppose 0 = -0*n + n. Suppose -5*p + n*p + 25 = 0. Calculate the remainder when -2 - -1 - (-3 - 7) is divided by p.
4
Let h = 49 - 34. Let l = 4 + 5. What is the remainder when h is divided by l?
6
Let d(z) = 18*z + 1. Let i(a) = -a. Let o(c) = -d(c) - 5*i(c). Calculate the remainder when 51 - (-1 - (0 + -4)) is divided by o(-2).
23
Suppose -z - z + 196 = 0. Let c = -53 + z. Calculate the remainder when c is divided by 24.
21
Suppose -3*f + 3*x + 18 = 0, -4*x = -2*f - 9*x + 40. What is the remainder when 2/(((-2)/4)/(312/(-32))) is divided by f?
9
Let g be (-1)/(3 - (-14)/(-4)). Suppose 2*y = k - 19, 5*k + g*y = y + 128. Calculate the remainder when k is divided by 13.
12
Let v(m) = m + 15. What is the remainder when 114 is divided by v(14)?
27
Suppose 0 = -u - 0*a - 4*a - 29, 3*u - 3*a + 42 = 0. Let b = -7 - u. What is the remainder when b is divided by 6?
4
Let l(j) = -j**2. Let q(b) = b**3 + 2*b**2 + b - 1. Let g(f) = -3*l(f) - q(f). Let o be g(0). Calculate the remainder when 30 is divided by 0 + 48/(3/o).
14
Let i = 14 + -10. Suppose 2*z = i*t + 42, 2*t - 7*t + 51 = 2*z. Suppose 0 = d + 4*h - 20, 0*h - 13 = -2*d + h. Calculate the remainder when z is divided by d.
7
What is the remainder when -1*(-6)/39 - 3075/(-39) is divided by 8?
7
Let b(c) = c**2 + c - 1. Suppose 0 = r - 0 - 2. Suppose -r*h - 22 = -5*u + 2, -5*h = u + 6. What is the remainder when 1 is divided by b(h)?
0
Let l be (1 - -3)*(-5 - -28). Let o = l + -35. What is the remainder when o is divided by 15?
12
Suppose 0*j - 5*j + 35 = 0. Let y(l) = -l - 2. Let g(r) = -3*r - 8. Let n(h) = -4*g(h) + 18*y(h). Calculate the remainder when n(-4) is divided by j.
6
Suppose -3*g = 12, 4*g - 2*g + 6 = 2*v. Let k be 2 - (1 + v + 4). Let q = k + 27. What is the remainder when q is divided by 13?
12
Let i = -31 + 51. Calculate the remainder when i is divided by 6.
2
Suppose 0 = 3*d - d + 78. Calculate the remainder when 109 is divided by 2 - (-8)/(-12)*d.
25
Suppose 0 = 5*f + 15, -3*f + 47 + 8 = 4*r. What is the remainder when 1/(-3) + 374/6 is divided by r?
14
Let v = -27 - -26. Let o(n) = 7*n**2 - 3*n + 3. Calculate the remainder when o(2) is divided by -9 + 6 + (-10)/v.
4
Let b(a) = 37*a - 50. Calculate the remainder when b(7) is divided by 35.
34
Suppose -3*k + 0*k + 180 = 5*i, -3*k + 5*i + 180 = 0. What is the remainder when 298 is divided by k?
58
Let h(r) = -r + 11. Let c be h(8). Let k = c - -37. Calculate the remainder when k is divided by 21.
19
Suppose 2*s - 13*s = -1826. What is the remainder when s is divided by 42?
40
Let u = -1 + 7. Let x(m) = -m**3 + 8*m**2 - 7*m. Let h be x(u). Suppose -3*o - 3*g + 18 = 0, g + g = 5*o - h. Calculate the remainder when 16 is divided by o.
4
Let l = 4 - -1. Suppose -v - 2 = 2*j - 3*j, l*j = 4*v + 9. What is the remainder when 15 is divided by 3/(-9)*(-13 - v)?
3
Let h be 5/4*(-72)/(-3). Suppose 4*o - h = -o. Suppose -3*s = -p + 8, -4*p + 3*p - s + 20 = 0. Calculate the remainder when p is divided by o.
5
Let g = 9 + -3. Suppose 37 = 3*y - 5*a, 0 = -2*a + g*a - 16. What is the remainder when y is divided by 5?
4
Let g(n) = 5*n - 11. What is the remainder when 25 is divided by g(4)?
7
Let v = -34 + 37. Suppose 4*i - 15 + v = 0. What is the remainder when 15/4 - (-1)/4 is divided by i?
1
Let y = -3 + 15. Calculate the remainder when 70 is divided by y.
10
Let z(p) = 5*p**2 + 6*p + 4. What is the remainder when z(-5) is divided by 25?
24
Suppose 27 = -5*g + 77. Calculate the remainder when (-32)/(3/(-3)) + -3 is divided by g.
9
Let b be (1/((-1)/(-2)))/1. Suppose -b*t + 3*t = 51. Calculate the remainder when t is divided by 13.
12
Let k(a) = -a**3 - a**2 - 3. Let y be k(0). Let x = -4 + 8. Calculate the remainder when ((-4)/(-6))/(y/(-27)) is divided by x.
2
What is the remainder when 4 is divided by (-20)/8*16/(-10)?
0
Suppose -60 - 100 = -4*t. Calculate the remainder when t is divided by 5/(-15)*(-1 + -62).
19
What is the remainder when (-14)/((-56)/12) - (1 - 1) is divided by (-4)/(-6) - 21/(-9)?
0
Let v(r) = -4*r**3 + 2*r**2 + 2*r + 3. Let b be v(-2). Suppose q - 2 = a - 5*a, -3*q - a + b = 0. What is the remainder when 26 is divided by q?
12
Let i = 3 + 0. Calculate the remainder when i/(-15) - (-33)/15 is divided by 2.
0
Let d(i) = -6*i**3 + i**2 + i + 1. Let h be d(-1). Suppose 5*x - 27 + h = 0. Suppose 0 = 3*v - 8 - x. Calculate the remainder when v is divided by 2.
0
Suppose 2*i + 0*i - 82 = 0. Let v = i + -25. Let q = 31 - -15. Calculate the remainder when q is div